 prime number?
False
Is 227357607 composite?
True
Is 11685400046 a composite number?
True
Is 1707732731 a prime number?
True
Is 963684947 a prime number?
True
Is 1518094307 composite?
True
Is 2217843889 a prime number?
True
Is 324150737 a composite number?
True
Is 840783577 a composite number?
True
Is 5364951737 prime?
False
Is 890099569 composite?
False
Is 469546933 a composite number?
False
Is 10987931431 prime?
False
Is 1703842319 a prime number?
True
Is 122393707 a prime number?
True
Is 78329473 prime?
True
Is 14211793181 prime?
False
Is 47969319709 a prime number?
True
Is 160313359 composite?
False
Is 1957465369 prime?
False
Is 1382283517 composite?
False
Is 264072409 a prime number?
True
Is 2703378449 a composite number?
False
Is 17488689199 composite?
True
Is 44520115 prime?
False
Is 11456692883 composite?
False
Is 55331138 prime?
False
Is 53082407211 a composite number?
True
Is 78189823 a prime number?
True
Is 1093197317 a composite number?
False
Is 742326847 composite?
False
Is 39287846449 prime?
False
Is 3585138091 a prime number?
False
Is 792163709 a prime number?
False
Is 138519497 composite?
True
Is 875645957 prime?
False
Is 84815000929 a prime number?
True
Is 1609775077 composite?
False
Is 542858717 prime?
False
Is 5107714139 composite?
True
Is 69187217794 composite?
True
Is 47073153161 a prime number?
False
Is 231274837 a prime number?
True
Is 6047663707 prime?
False
Is 23320220897 a composite number?
False
Is 212477935 a prime number?
False
Is 7270213669 a composite number?
False
Is 11426327 prime?
False
Is 264755483 composite?
False
Is 1537880051 composite?
False
Is 19205139 a prime number?
False
Is 3153383929 prime?
True
Is 965455207 composite?
False
Is 41176056019 composite?
True
Is 123377276179 composite?
False
Is 1260843653 composite?
False
Is 127239869 prime?
True
Is 406039663 a composite number?
True
Is 55892370133 a composite number?
False
Is 9429380017 prime?
False
Is 2560878401 a prime number?
False
Is 2746294477 prime?
True
Is 18799861441 composite?
False
Is 9826331611 a prime number?
False
Is 305470403 composite?
True
Is 2580998891 prime?
True
Is 37011628121 a composite number?
True
Is 9669869749 a prime number?
False
Is 9677978407 prime?
True
Is 449083483 a prime number?
False
Is 130903807 a prime number?
True
Is 3527918981 composite?
False
Is 1356907393 prime?
True
Is 276954289 a prime number?
True
Is 13279544459 composite?
True
Is 1000607991 prime?
False
Is 20944977 a composite number?
True
Is 7620715021 a composite number?
False
Is 1346278081 a composite number?
False
Is 218108399 a composite number?
False
Is 556013563 a prime number?
False
Is 3280276313 prime?
True
Is 17211849007 prime?
True
Is 687605221 a composite number?
False
Is 4240960049 prime?
True
Is 326663923 prime?
True
Is 3958152643 a composite number?
True
Is 10341903683 a prime number?
True
Is 9469459687 a prime number?
True
Is 2766038497 prime?
True
Is 3173893001 a composite number?
False
Is 68545651 a composite number?
True
Is 3550304089 a prime number?
False
Is 756704743 a composite number?
True
Is 2155602929 composite?
False
Is 9095669691 a prime number?
False
Is 136512856615 a prime number?
False
Is 8269289111 a composite number?
False
Is 171599599 composite?
True
Is 63842813893 composite?
True
Is 3450119581 a composite number?
True
Is 2613302011 a prime number?
True
Is 28066107637 composite?
False
Is 1899544991 prime?
False
Is 278466659221 composite?
True
Is 2276655566 a composite number?
True
Is 39626176189 a prime number?
True
Is 16932414607 composite?
False
Is 1978691063 composite?
False
Is 72221649349 a prime number?
True
Is 28304240267 composite?
False
Is 23212701593 prime?
False
Is 1967079473 composite?
True
Is 3857773123 composite?
False
Is 3520009081 prime?
True
Is 573337081 a prime number?
True
Is 241840749551 a composite number?
False
Is 928947347 a composite number?
False
Is 2077934797 prime?
False
Is 634748869 prime?
False
Is 133444369859 composite?
False
Is 12544152409 a prime number?
True
Is 22336298021 a prime number?
True
Is 117214082753 a composite number?
True
Is 1228806289 a prime number?
True
Is 21294845945 a prime number?
False
Is 36937238449 a prime number?
False
Is 1845035221 a prime number?
True
Is 8480886619 a composite number?
True
Is 118475137727 a prime number?
True
Is 684620569 composite?
False
Is 7167353647 a prime number?
True
Is 70484081 composite?
False
Is 5132807921 a composite number?
False
Is 937876683 a composite number?
True
Is 8280331207 a composite number?
True
Is 4966037623 prime?
True
Is 17878552529 prime?
False
Is 144783110309 a composite number?
True
Is 560561261 a composite number?
True
Is 16228311313 composite?
False
Is 5699702581 prime?
False
Is 6263700209 prime?
False
Is 565012705 a composite number?
True
Is 177545507 composite?
False
Is 11902930661 a composite number?
True
Is 375870743 a prime number?
False
Is 57733493 a composite number?
False
Is 6823187933 a prime number?
False
Is 41085117869 composite?
False
Is 3690394471 prime?
True
Is 452582531 a composite number?
True
Is 7333529 composite?
True
Is 988758517 a prime number?
True
Is 180020615569 composite?
False
Is 27551400757 a composite number?
False
Is 34471956767 a prime number?
False
Is 1909489663 a prime number?
False
Is 5611506233 a composite number?
False
Is 28609211419 prime?
False
Is 90130993 prime?
True
Is 1506913271 composite?
False
Is 854039497 a composite number?
True
Is 1178270321 prime?
True
Is 836387623 a prime number?
False
Is 31968359603 a composite number?
True
Is 4640226737 a prime number?
True
Is 19928149909 composite?
True
Is 22022851519 prime?
True
Is 2427566761 composite?
False
Is 203460889 composite?
False
Is 322834739 a prime number?
False
Is 41965327697 composite?
False
Is 75465768121 a composite number?
True
Is 52717294667 a composite number?
False
Is 668461361 a composite number?
False
Is 1937577571 composite?
False
Is 112525178 a prime number?
False
Is 379121087 a prime number?
True
Is 19884712499 a prime number?
True
Is 2680251929 a prime number?
False
Is 1449830717 a prime number?
True
Is 97942230809 a prime number?
True
Is 11148980033 a prime number?
True
Is 7134930931 prime?
True
Is 32773274155 prime?
False
Is 759322807 a composite number?
True
Is 151449929 a prime number?
True
Is 129347957 a prime number?
True
Is 23503959751 a composite number?
True
Is 11043685507 a prime number?
False
Is 696414989 composite?
False
Is 1098169406 prime?
False
Is 39125759969 a composite number?
False
Is 2956622231 a prime number?
False
Is 7257302711 composite?
False
Is 512330123 a prime number?
True
Is 7415248345 a prime number?
False
Is 208320076183 a composite number?
False
Is 21117292769 prime?
True
Is 231332027 prime?
True
Is 74651361053 composite?
True
Is 918245923 prime?
False
Is 29448092123 a prime number?
False
Is 70357054181 a composite number?
True
Is 92402190215 composite?
True
Is 14727221413 prime?
False
Is 7186692157 a prime number?
True
Is 178256531 composite?
False
Is 24205520983 composite?
True
Is 7837865362 prime?
False
Is 488178043 a composite number?
False
Is 15329627597 composite?
False
Is 1959981922 a composite number?
True
Is 61875053423 a composite number?
False
Is 1806742687 a composite number?
False
Is 966585637 a composite number?
False
Is 357171569629 a prime number?
False
Is 2142909709 a prime number?
False
Is 4509614017 composite?
True
Is 20673391619 prime?
True
Is 138015883 a prime number?
False
Is 11423854105 composite?
True
Is 1903678813 prime?
False
Is 18142139267 composite?
True
Is 4074143779 prime?
False
Is 27624167803 prime?
True
Is 4555276699 composite?
False
Is 14197925699 composite?
False
Is 163583141 composite?
True
Is 35175052541 a composite number?
True
Is 31837035563 a composite number?
False
Is 280119085 composite?
True
Is 546140311 a composite number?
True
Is 1566458899 a prime number?
False
Is 987305597 a composite number?
True
Is 31343027953 prime?
False
Is 2671569521 composite?
False
Is 1028580929 composite?
True
Is 65403155047 prime?
True
Is 3323256605 a composite number?
True
Is 14901182671 a prime number?
True
Is 10418546813 prime?
True
Is 93764479 composite?
True
Is 2780482823 a composite number?
True
Is 760961237 a prime number?
True
Is 14731685911 a prime number?
Tr